Calculate the remainder when 293 is divided by c.
13
Let g = -24447 + 25084. What is the remainder when g is divided by 15?
7
Let f(s) = -s**3 + 16*s**2 + 45*s + 78. Calculate the remainder when f(17) is divided by 50.
4
Let w = -314 + 73. Let v = 285 + w. Calculate the remainder when 127 is divided by v.
39
Suppose 3*q = 5*q. Let r = -9 + q. What is the remainder when 80 is divided by ((-168)/r)/(4/6)?
24
Suppose 0 = -17*g - 30*g + 3478. What is the remainder when 205 is divided by g?
57
Let j(c) = -85*c**3 + 6*c + 3. What is the remainder when j(-2) is divided by 145?
91
Let a = 120 - 96. Let l(f) = -f**2 + 32*f - 40. What is the remainder when l(a) is divided by 53?
46
Calculate the remainder when 1285 is divided by (57 - 56)*((0 - 2) + 1278).
9
Suppose 0 = -2*n - 5*u + 343, 126*u - 508 = -3*n + 125*u. Calculate the remainder when n is divided by (1 - -1)/(1/17).
33
Let g be (-7)/28 + 2 + (-222)/8. Let z = -26 - g. Suppose i - 4*i + 114 = z. What is the remainder when i is divided by 8?
6
Suppose 0*z - 3*z = -75. Suppose -4*o + 39 + 9 = 0. Let u = z - o. Calculate the remainder when u is divided by 7.
6
Let s = 131 - 83. Let l = -234 - -249. Calculate the remainder when s is divided by l.
3
Let w(a) = -6*a**2 - 37*a + 8. What is the remainder when 33121 is divided by w(-6)?
11
Let f(d) = d**3 - 7*d**2 + 13*d - 39. Calculate the remainder when f(7) is divided by 24.
4
Suppose 5*n - 77 - 143 = 0. Calculate the remainder when n is divided by (2/(-5))/((-2 - (-177)/45) + -2).
2
Suppose 20*k - 668 = 13*k + 1495. Calculate the remainder when 946 is divided by k.
19
Suppose -30 = -22*q + 7*q. Suppose -c - 4*c - f + 44 = 0, -3*f - 4 = -q*c. What is the remainder when 1 + 24 - (1 + 1) is divided by c?
7
Suppose g - 538 - 407 = 0. Suppose 0*t = 3*t - g. Suppose -7*r + 16*r - t = 0. Calculate the remainder when r is divided by 13.
9
Let g = -3 + 35. Suppose -5*s + 3 + g = 0. Let a = -62102 - -62135. What is the remainder when a is divided by s?
5
Let z = 12950 + -4606. Calculate the remainder when z is divided by 23.
18
Let h(l) = -3*l + 24. Let n be h(6). Let w be 2 + 8/((-16)/n). What is the remainder when w*((-16)/3*6 - 1) is divided by 17?
16
Let g(p) = p**2 - 32*p - 1603. What is the remainder when g(61) is divided by 116?
50
Suppose 14*r - 17*r = l - 72, -5*r - 5*l + 120 = 0. What is the remainder when r is divided by 10?
4
Let p(o) = o**3 - 2*o**2 - 16*o + 96. What is the remainder when 1151 is divided by p(6)?
143
Suppose 1558*j - 3870 = 1548*j. Calculate the remainder when j is divided by 87.
39
Suppose 0 = -p - p - 6*p. Calculate the remainder when 360 is divided by (p - -2) + -2 - -19.
18
Let t(i) = i**2 + 23*i - 93. Let a(d) = -6*d**2 - 115*d + 466. Let l(j) = 2*a(j) + 11*t(j). What is the remainder when 115 is divided by l(8)?
28
Suppose 32 = -4*d, 5*a + 23*d - 19281 = 25*d. Calculate the remainder when a is divided by 38.
15
Suppose 5*l = 5*j + 125, 0*l + 85 = 5*l + 5*j. Let z(c) = 1 + l*c - 15*c + 10. Calculate the remainder when z(13) is divided by 23.
20
Let l(v) = 2*v**2 - 3*v - 11. Calculate the remainder when (8/5)/(-4) - (-784)/10 is divided by l(4).
6
Suppose -88*w + 14 = -95*w, k + w - 322 = 0. What is the remainder when 1269 is divided by k?
297
Let d(x) = -x**3 + 52*x**2 + 67*x - 447. Calculate the remainder when d(53) is divided by 26.
9
Let d = 83 - 137. Let y = 111 + d. Suppose 0 = -g + 2*a + 8 + y, -5*a - 245 = -4*g. What is the remainder when g is divided by 20?
15
Let r(d) = -9*d + 170. Let l = 550 - 535. What is the remainder when 75 is divided by r(l)?
5
Let k(a) = a**3 - 6*a**2 + a. Let x be k(6). Let q(t) = -2*t + t**3 - 9*t**2 + 4*t + 3*t**2 - 7 + 5. Calculate the remainder when 36 is divided by q(x).
6
Let w(y) = -y**3 - 5*y**2 + 9*y - 31. Let t be w(-7). Let k(p) = p**2 - 3. Let i be k(3). Suppose t*h + 6 = i*h. What is the remainder when h is divided by 3?
0
Suppose -9 + 5 = -n. Suppose 3*x = 4*s - 18, 1 = -3*s - n*x + 2. Calculate the remainder when 38/57 + 40/s is divided by 8.
6
Suppose -35 = 6*z - 161. Let h = 80 - z. Suppose -2*v = -6*v + 3*t + 60, -4*v + 60 = 4*t. What is the remainder when h is divided by v?
14
Suppose -429*v + 62348 = 7*v. What is the remainder when v is divided by 64?
15
Let i = -34683 - -34828. Let s(g) = 2*g**2 - 3*g - 5. Calculate the remainder when i is divided by s(6).
47
Suppose 6*l - 5*x - 48 = 2*l, l - 3*x = 12. Suppose -19*g = -l*g - 119. What is the remainder when g is divided by 6?
5
Let q be (-17262)/189*6/4. Let x = q + 214. What is the remainder when x is divided by 20?
17
Let b be 2*1*3/(66/2453). Suppose 0 = 2*y - 3*h - b, 0*y - 3*h - 443 = -4*y. Calculate the remainder when y is divided by 13.
6
Suppose -5*f - 4*n + 17767 = 0, -4*f = 111*n - 106*n - 14219. What is the remainder when f is divided by 15?
11
Suppose 751 = 5*w + 231. Suppose 2951 + 5694 = 65*z. Let m = z - w. What is the remainder when 57 is divided by m?
28
Suppose 4*w - 283 - 137 = -2*b, 10*b - 2085 = -5*w. What is the remainder when 1453 is divided by b?
205
What is the remainder when 95/114 + (58588 - 2)*2/24 is divided by 52?
47
Let y = -2981 - -3039. What is the remainder when 253 is divided by y?
21
Let b(m) = 8*m**2 + 33*m + 268. Calculate the remainder when b(-11) is divided by 177.
165
Let l = -60 + 65. Let h(x) = -x**2 + 11*x + 14. Let m be h(12). Calculate the remainder when (3 - 4)/(m/(-54)) is divided by l.
2
Let r = -5 - -39. Suppose -5*a - 163 = -5*m - 223, 4*a - 108 = -2*m. What is the remainder when r is divided by a?
12
Suppose 4*r + 322 = 1814. Suppose -2*z + 44 = 2*k, 5*z - 105 - 9 = -3*k. What is the remainder when r is divided by z?
13
Let x = -26 + 35. What is the remainder when 346 is divided by 1*((2 - x) + 94)?
85
Let f(v) = -v**2 - 14*v + 1247. Calculate the remainder when f(20) is divided by 54.
27
Calculate the remainder when (17 - 8) + 1 + 79 is divided by 51.
38
Let q(a) = a**3 - 9*a**2 + 10*a - 12. Let f be q(8). Let d(i) = -i**2 + 0 - 12*i + 0*i**2 + f. What is the remainder when d(-8) is divided by 10?
6
Suppose -1889 = 721*a + 327*a - 77738 - 26855. Suppose 4*y = 2*y + 102. What is the remainder when a is divided by y?
47
Let s(j) = 3*j**2 - 7*j + 83. Let u be s(14). Suppose -576*b + 213 = -u*b. What is the remainder when b is divided by 25?
21
Suppose 5*c + a = -69, 3*a + 11 = 2*c - 3*c. Calculate the remainder when 6/14 - (358/c - 4) is divided by 7.
2
Let k(f) = f**2 - 5*f - 5. Let b be k(6). What is the remainder when (-265 + b)/(-3) - -8 is divided by 30?
6
Let f = -112 + 116. Suppose 4*o = 3*u - 596, -773 = -f*u + 5*o - 4*o. Calculate the remainder when u is divided by 39.
36
Let r = 29772 - 29167. What is the remainder when r is divided by 39?
20
Let q(k) = 3*k**3 + 17*k**2 + 18*k - 74. Calculate the remainder when q(9) is divided by 58.
56
Let z = 5360 - 4493. Calculate the remainder when z is divided by 429.
9
Let g(b) = b**3 + 41*b**2 - 89*b + 132. Calculate the remainder when 627 is divided by g(-43).
105
Suppose 253*l = 248*l + 10. Let b(f) = -6*f - 23. Let g(x) = 9*x + 34. Let h(o) = -8*b(o) - 5*g(o). Calculate the remainder when 76 is divided by h(l).
16
Let u(h) = -23*h + 754. Let y be u(31). Let i(t) = 7*t**3 + 2*t**2 - 2*t + 1. Let s be i(1). Let v = y - s. Calculate the remainder when 197 is divided by v.
32
Let c(k) = -14*k - 150. Suppose 8*a + 114 - 18 = 0. Calculate the remainder when 754 is divided by c(a).
16
Let p(h) = 95*h - 1094. Let t = 38 + -21. Calculate the remainder when p(12) is divided by t.
12
Suppose 0 = 3*a + 5*y - 857, -259 = 52*a - 53*a + 5*y. What is the remainder when 756 is divided by a?
198
Let a(m) = m**2 + 4*m - 483. What is the remainder when 431 is divided by a(-25)?
11
Let m = -51 + 53. Suppose -h - m*z + 7*z = -2, -2*h + 31 = -z. Let i = 50 - h. Calculate the remainder when 65 is divided by i.
32
Let w(l) = -2*l + 4. Let s(t) = -6*t + 12. Let p(o) = 3*s(o) - 8*w(o). Suppose -12 - 20 = -4*j. Calculate the remainder when j is divided by p(-1).
2
Suppose 70*h - 4308 - 1838 + 126 = 0. Calculate the remainder when 505 is divided by h.
75
Let a(d) = -d**3 + 3*d**2 + 3*d + 1. Suppose 185 = 2*r - 5*v, v = 4*r - 216 - 109. Let w = 159 - r. What is the remainder when w is divided by a(3)?
9
Suppose 2*i - 84 = -0*i. What is the rem